3*x - 2. Let d(k) = -14*k**2 - 4*k - 2. Let a(q) = -3*d(q) + 4*z(q). What is a(-4)?
30
Let i(s) = -s**2 - 13*s + 2. Suppose -2 = -0*l + 4*l + 3*q, -2*q = l - 2. Let t(f) = -3*f**2 - 27*f + 3. Let v(m) = l*t(m) + 5*i(m). What is v(11)?
4
Let k(y) be the first derivative of y**5/20 - y**4/2 + 4*y**3/3 - 3*y**2 + y - 2. Let o(v) be the first derivative of k(v). Let s = 510 + -505. What is o(s)?
9
Let m be 8/(-12) - 34/(-6). Let t = -40 + 43. Suppose 18 - t = -m*k. Let c(a) = -a**3 - 3*a**2 - 3. Calculate c(k).
-3
Let r(l) = l**2 - 6*l - 3. Let t = -55 + 57. Suppose -25 = -4*j - 0*j - 5*u, -t*j - 4*u + 8 = 0. Suppose z - j = -z. Give r(z).
-8
Let z(f) = f**3 - 17*f**2 + 25*f - 147. Let g(r) = -36*r - 1244. Let m be g(-35). Give z(m).
-3
Let q(y) = 5*y**3 - 25*y**2 + 25*y - 25. Let u(f) = 8*f**3 - 49*f**2 + 49*f - 49. Let o(k) = -5*q(k) + 3*u(k). Determine o(-23).
1
Suppose -3*r - 30 + 6 = -3*a, -2*a = 4*r + 8. Let l(h) = h - 16*h - 56*h**2 + 53*h**2 - 6. Calculate l(r).
6
Let h(x) = 16*x**2 - 5*x + 49. Let s(j) = 3*j**2 - j + 10. Let i(y) = -2*h(y) + 11*s(y). Suppose 0 = 9*o + 12 - 255. Suppose o*n = 30*n. Give i(n).
12
Let k(n) = -6*n**2 + 2*n - 1. Let u be k(1). Let s(j) be the second derivative of 0 + 5/12*j**4 + 1/2*j**3 + 1/20*j**5 + 76*j + 3/2*j**2. Give s(u).
-12
Let p(u) be the second derivative of -u**6/360 - u**5/20 + 5*u**4/24 + 4*u**3/3 + u**2 - 275*u. Let g(w) be the second derivative of p(w). What is g(-6)?
5
Let g(s) = -5*s + 12. Suppose 35*f - 317 + 247 = 0. Calculate g(f).
2
Let s(j) be the third derivative of j**6/120 + j**5/6 - 13*j**4/24 - 5*j**3/6 + 37*j**2 - 17*j. Determine s(-11).
17
Let b(j) = -5*j + 7. Let q(v) be the third derivative of -v**4/24 + v**3/6 + 3*v**2 - 7*v. Let p(u) = -b(u) + 4*q(u). Give p(-5).
-8
Let i(x) = x**2 - 9*x + 5. Suppose 6*q - q = 2*t + 291, 4*t + 4*q + 624 = 0. Let y = t + 162. Determine i(y).
5
Suppose -13*s + p - 69 = -19*s, 5*s = -2*p + 47. Let l(r) = -4*r**2 + 13*r + 16. Let g(w) = -3*w**2 + 13*w + 15. Let q(h) = -3*g(h) + 2*l(h). What is q(s)?
-13
Let x(f) = 20115 + 3*f**2 - 4*f - 20108 - 4*f**2. Let u = 5 - 2. Let b be (u + -1)/(2/(-5)). What is x(b)?
2
Let k(z) = z**2 - z**2 - 3 + z**3 - 1027*z - 7*z**2 + 1038*z. Calculate k(3).
-6
Suppose 0 = 2*f - 2*q + 2, -q = q - 8. Suppose f*x + 11 = -7. Let d(a) = 5*a + 3 - 7 - 15*a**3 + 7*a**2 + 16*a**3. What is d(x)?
2
Let j(s) = 2*s**2 + 2*s + 5. Suppose 6*t = 4*t + 198. Let q be 0/((-3)/27 + 407/t). What is j(q)?
5
Let i be (1 + ((-50)/18 - -2))/(2376/891). Let v(b) be the second derivative of 1/2*b**2 + 4 - 7/6*b**3 + 4*b - i*b**4. What is v(-3)?
13
Let y(u) = -u**3 + 3*u**2 + 3*u - 1. Let k(q) = -q + 1. Let m be k(7). Let h be (-2 - 1)*8/m. Suppose -h*f + 15 = 3*b + 2, -5*f + 17 = 3*b. Determine y(f).
-5
Suppose 2*v - 6 = -14. Let j(y) be the first derivative of y**5/60 + y**4/8 - y**3/3 + y**2/2 + 3*y + 115. Let w(g) be the second derivative of j(g). Give w(v).
2
Let x(k) = 112*k - 2278. Let v(z) = 8*z - 163. Let m(l) = 29*v(l) - 2*x(l). Calculate m(22).
5
Let y(d) = 2*d**2 + d - 7. Suppose 489 - 201 = -72*z. Determine y(z).
21
Let d(m) = -21 + 12513*m**3 + 414*m**2 - 423*m**2 - 12512*m**3 - m. Determine d(10).
69
Let f(d) = d**2 + 11*d - 16. Let h be f(-12). Let j(l) = -9*l - 53. Let p be j(-6). Let o(q) = -p - 5 + 5 - 4*q. Calculate o(h).
15
Let b = 108 + -60. Let t = 96 - b. Let p(r) = -54 - t - r + 79. What is p(-10)?
-13
Let n be 6*(294/28)/7. Let b(z) = z**2 - 4*z - 37. What is b(n)?
8
Let l(g) = -2*g**2 + 22*g - 60. Suppose -34*r + 214 = -24. Let f be l(r). Let j(z) = 10*z + 6. What is j(f)?
-34
Let o(h) = -31*h - 30*h - 31*h + 3 + 118*h - 27*h. Let v = 24 - 28. Calculate o(v).
7
Let t(y) be the first derivative of -13*y**2/2 - 239*y - 1101. Determine t(-18).
-5
Let a(k) = -k**2 - 17. Let y(o) = 27*o**2 + 15*o - 16. Let p be y(4). Let z = 476 - p. Give a(z).
-17
Let v(f) = 5*f**2 - 2 - 2 + 0*f**2 + f**3 + f + 0*f**3. Let z be 2/(-8)*8/(-2). Let w be (261/(-81) + 4/18)*z. Determine v(w).
11
Let b = -718 - -718. Let v(o) = 7*o**2 - o - 12. Give v(b).
-12
Suppose 3 = 5*x + 13. Let i(q) be the second derivative of 0 + 2/3*q**3 + 23*q + 1/2*q**2. Calculate i(x).
-7
Suppose h + 0 = -k - 4, 4*h = 3*k - 16. Suppose 4*j = -4*c, -5*c + k*c + 30 = -j. Let m(b) = 2*b - 3. What is m(c)?
7
Let y be ((-8)/(-6))/(4/6). Let c(s) be the second derivative of 3/20*s**5 + 0 - 1/3*s**3 + 1/12*s**4 + 4*s - 1/2*s**2. Give c(y).
23
Let n(q) = 23*q**2 + 3*q + 2. Let g(c) = -22*c**2 - 2*c - 1. Let x(z) = 3*g(z) + 2*n(z). Suppose 513*o - 3 = -3*v + 510*o, -2*o = -5*v + 5. Give x(v).
-19
Let n(t) = t**3 - 3*t**2 - 3*t + 2. Let x(b) = -b**3 + 2*b**2 + 4*b - 4. Let g be x(3). Let h(f) = -103*f - 3. Let p be h(g). Let s = p - 96. Calculate n(s).
6
Let j(s) = -s + 4. Let z be (10/(-4))/(78/12 + -7). Let l be 267*((-1)/z)/(3/(-5)). Let d = l + -85. What is j(d)?
0
Suppose -5*f - 20 - 3 = -2*i, -24 = -i + 5*f. Let p(b) = -309*b + 43. Let x be p(-13). Let c(s) = -x + 4060 - 12*s**2. What is c(i)?
-12
Let k(a) be the first derivative of a**5/60 + a**4/2 + 11*a**3/3 - a**2 - 4*a + 43. Let z(h) be the second derivative of k(h). What is z(-9)?
-5
Suppose -17*h = -0*h - 136. Let s(x) = h*x - 1 + 16*x - 25*x. Let b be (1/2)/(4/40). Determine s(b).
-6
Let u(h) = -36*h**2 - 20*h**2 - 49022*h + 49020*h + 22 - 2*h**3 - 85. Determine u(-28).
-7
Suppose 24 = 5*b + 3*a - 90, 2*b = -5*a + 57. Suppose 2*o = 3*y - 2 - b, 4*o - 31 = -5*y. Let n(w) = -w**2 + 7*w + 1. Determine n(y).
1
Let x be 7 + (96/(-80) - 2/(-10)). Let v(a) = 3*a**3 - 17*a**2 - 5*a + 1. What is v(x)?
7
Let l(k) = 1411648 - 3*k**2 + 2*k**2 - 1411827 - 36*k. Calculate l(-6).
1
Suppose 0 = -7*v + 4*v - 3*f + 240, -247 = -3*v + 4*f. Let k = v + -86. Let y(q) = -q**2 - 7*q - 3. Calculate y(k).
7
Suppose 2*x + 2*z + 4 = 0, 0 = x - z - 6 - 2. Suppose x*w - 31 = -25. Let i(k) = -112*k**2 - 15*k**3 + 112*k**w + 1. Give i(1).
-14
Let t(n) be the first derivative of -1/3*n**3 + 4*n + 1/2*n**2 - 75. Calculate t(0).
4
Let f(p) = -63*p**2 - 12*p + 152. Let j(a) = 25*a**2 + 6*a - 60. Let u(w) = -2*f(w) - 5*j(w). Let t(z) = -z + 2. Let l be t(-5). What is u(l)?
3
Suppose -2*d - 3*i = 2, 3*i = d + 2*i - 9. Suppose 49*o - 53*o + 3*q + 32 = 0, -o = q + 6. Let a(h) = 5*h + d*h**2 + 2*h - 6*h - 2 - 4*h**o. Give a(-2).
0
Let a(u) = -9*u + 39. Let w(j) = 5*j**2 - 29*j + 29. Let r be w(1). Calculate a(r).
-6
Let g(x) be the second derivative of -x**7/1260 - x**6/90 + x**5/60 - 119*x**4/12 + 11*x - 3. Let u(o) be the third derivative of g(o). What is u(-4)?
2
Let a = -208 - -245. Let u(o) = a*o - o**2 + 40*o - 125*o - 1 + 42*o. Give u(-6).
-1
Let b(q) = 6*q - 3*q**3 + 1 + 9*q - 138*q**2 + 137*q**2 - 16*q + 5*q. Give b(3).
-77
Let d(k) = -k**3 - 5*k**2 - 5*k - 1. Let r(u) = 10*u + 11. Let a(b) = 5*b + 5. Let p(j) = 9*a(j) - 4*r(j). Let s be p(2). Suppose 0 = -2*x + 3 - s. Give d(x).
3
Let j(h) = -245 - 3*h - h**2 - 10*h + 119 + 12*h - 9*h + 120. Suppose 0 = -x - 0 - 7. What is j(x)?
15
Let s(p) = -p**2 + 2 + 1 - 10 - 7*p. Let m = 187 - 192. Let d be (m/(-10)*20 - 4)/(-1). Determine s(d).
-1
Let s(k) = -5*k - 3. Let g = 572 - 570. Suppose -20 = -5*m, -g*z - m = 62 - 60. Give s(z).
12
Suppose -3*s - 5*w = 56, -39*w + 38*w - 28 = 2*s. Let b(p) = 14*p + 171. Calculate b(s).
3
Let o(u) = u**3 + 2*u**2 - u - 1. Let v = 211 + -209. Let l be 0/1 + v - (64 - 60). What is o(l)?
1
Let g(w) = w**2 - 6*w + 14. Let k(y) = -y**2 + 4*y + 1. Let j(t) = -g(t) - 3*k(t). Determine j(-6).
91
Let l(j) = j**2 - j - 12. Let y = -2485 + 2490. Give l(y).
8
Let k(q) = -3*q + 29. Let j(b) = 16*b - 166. Let m(t) = -2*j(t) - 11*k(t). Give m(-14).
-1
Suppose -107*x + 71 = -3*n - 108*x, 4*x - 90 = 5*n. Let w(b) = -3*b - 33. What is w(n)?
33
Let o(l) = 132 - 29 - 35 + 8*l - 47 - 41. Give o(4).
12
Let v(c) = -16*c + 19*c**3 - 2*c**2 + 19*c**3 - 38*c**3 - 3*c**2 + 5 + c**3. Give v(7).
-9
Let u(h) = 11*h**2 + 21*h - 8. Let s(i) = -4*i**2 - 7*i + 3. Let m(r) = 8*s(r) + 3*u(r). Let p be (-27 + 30)/(-1 + (-5)/(-8)). Determine m(p).
8
Let z(c) = -c**3 - 47*c**2 - 94*c - 134. Let y be z(-45). Let b(v) = y*v - 15*v - 17*v - 7*v. Give b(-6).
-42
Suppose -24 = i - 3*i. Suppose -2*a = -4*a + i. Let r(y) = 0*y**2 + 2*y**2 - 817*y - 3*y**2 + 824*y + 8. Calculate r(a).
14
Suppose 463*y 